4*s - 0*a - 2, -s - 2*a - 7 = 0. Let v(c) = -16*c + 4. Let o(q) = 5*q - 1. Let l(m) = -7*o(m) - 2*v(m). What are the prime factors of l(s)?
2
Let h be 1 + 2 + -1 + 1. Suppose q - 5 = h*v + 11, 0 = 2*q + 3*v - 41. What are the prime factors of q?
19
What are the prime factors of (-2)/(-12) - (-365)/6?
61
Let d be (-4)/14 + 6/21. Suppose -2*k + 30 = -2*z, z = -d*z - 5*k - 21. Let f = z + 22. What are the prime factors of f?
2, 3
Suppose 0 = -7*o + 3*o + 92. List the prime factors of o.
23
Let r(f) = f**2 + 1. Let j be r(8). Suppose 0 = -5*w, -7*z - 2*w + j = -2*z. List the prime factors of z.
13
Let h = -71 + 125. What are the prime factors of h?
2, 3
Let x = -5 - 0. Let j = -1 - x. Let u(t) = 3*t + 2. What are the prime factors of u(j)?
2, 7
Suppose -6*u + 74 = -5*u. List the prime factors of u.
2, 37
Let f be (2/(-4))/((-2)/160). Suppose -20 = -4*v + f. List the prime factors of v.
3, 5
Let b(z) = 5 - 3*z**2 - z - 8*z + 2*z**2 + 3. List the prime factors of b(-8).
2
Let p be (-1 - -16)/(6/(-6)). What are the prime factors of -5*(54/p - -2)?
2
Suppose 0 = -2*h - 3*c + 50, c + 114 = 5*h + 3*c. Let q = -12 + h. Suppose q*p - 5*p = 55. What are the prime factors of p?
11
Let o(u) = 8*u - 2. Let x be o(2). Suppose 16 = 5*j - x. What are the prime factors of (-9)/j*(-138)/9?
23
Let b = -82 + 57. Let v = b + 38. List the prime factors of v.
13
Let q = 67 - 31. What are the prime factors of q?
2, 3
Let i = -46 + 16. List the prime factors of ((-12)/(-5))/((-12)/i).
2, 3
Let o = 5 - 1. Suppose -o*f - 15 = -7*f. Suppose f = 2*z + 1. What are the prime factors of z?
2
Suppose -5*m = 10, -n - 2*m + 152 = -20. List the prime factors of n.
2, 11
Suppose 3*g = 2*n - 0 - 29, -2*g - 17 = n. Let b = 22 + g. List the prime factors of b.
13
Suppose 0 = -3*s + s + 4. Suppose -s*h - 2 = -6. Suppose h*b - 52 = -16. What are the prime factors of b?
2, 3
Let v = -13 + 5. Let m(q) = q**2 + 7*q - 8. Let c be m(v). Suppose -5*y + 3 + 12 = c. List the prime factors of y.
3
Let y(p) = -p**3 + 3*p**2 + p + 1. Suppose c = -4 + 6. Let v be y(c). Let k = 13 - v. List the prime factors of k.
2, 3
Suppose -3*f + g + 903 = 2*f, -4*f = -2*g - 726. What are the prime factors of f?
2, 3, 5
What are the prime factors of (-4)/((-4)/31) - 4?
3
Suppose -3*c - 2*w + 128 = 0, -2*c + 41 + 44 = w. List the prime factors of c.
2, 3, 7
Suppose 5*z - 17 = 8. Suppose -h + 5*o - 4 + 29 = 0, 3*h = -z*o - 25. Suppose -2*f + 16 = -2*a, h*f - 10 = -3*f - 4*a. List the prime factors of f.
2, 3
Let b = -3 + 3. Suppose -2*s + 11 = 3*x - 6*s, 2*x - 12 = -2*s. Suppose 7*n - 3*n - x*z = 38, b = -2*n - 4*z + 6. List the prime factors of n.
7
Let y(b) = 4*b. Suppose 0*r + r - 1 = 0. Let n be y(r). Let j = n - -5. What are the prime factors of j?
3
List the prime factors of (-5)/(-10) + 81/2.
41
Let t = -113 + 210. List the prime factors of t.
97
Let s = 391 - 227. Suppose 2*n = -2*n + s. List the prime factors of n.
41
List the prime factors of ((-48)/20)/(0 + (-8)/660).
2, 3, 11
List the prime factors of (-99)/(-22)*(-2 + (-104)/(-3)).
3, 7
Let y(o) be the third derivative of o**7/2520 - o**6/720 - o**5/60 + o**2. Let d(w) be the third derivative of y(w). List the prime factors of d(3).
5
Suppose 68 = 4*s - 160. List the prime factors of s.
3, 19
Let p = 24 + -6. Let n be 2 + -1*p - -1. What are the prime factors of (n/(-4))/(12/32)?
2, 5
Suppose w = 4*w - 108. Suppose 0 = -5*v - w + 146. What are the prime factors of v?
2, 11
Suppose 137 = -12*j + 4661. List the prime factors of j.
13, 29
Let y = 43 + -7. Suppose 101 = 5*z + y. Let t = 24 - z. List the prime factors of t.
11
Suppose -5*k + 0*k + 37 = 2*o, -4*o + 5*k + 119 = 0. List the prime factors of o.
2, 13
Let t(s) = 3*s**2 - 1. Let v be t(-1). Let m = -1 - v. Let j(u) = -6*u - 4. What are the prime factors of j(m)?
2, 7
Suppose 0 = -4*h + 2*h + 386. List the prime factors of h.
193
Suppose -4*r + 4*o = -316, 7*r + o = 2*r + 377. List the prime factors of r.
2, 19
Suppose 4*l - 3 = -115. Let t = l - -47. List the prime factors of t.
19
Suppose -3*w - 59 = 4*h, 0 = w - 2*h - 3*h + 7. Suppose -6 + 22 = -2*f. Let x = f - w. List the prime factors of x.
3
Suppose 2*k + k - 6 = 0. Suppose z - k*z = -4*u - 37, -4*u - 20 = 0. What are the prime factors of z?
17
Let f be 3 + 0 + (-64)/2. Let w = f + 43. What are the prime factors of w?
2, 7
Suppose 2*y - 4*l + 28 = 8, 2*l - 2 = -3*y. Let h be -1 + y/(4/(-50)). What are the prime factors of (3/4)/(1/h)?
2, 3
Let r = 120 - 56. What are the prime factors of r?
2
Suppose -8*p + 314 = -294. What are the prime factors of p?
2, 19
Suppose -u + 3*u - 47 = 5*g, 3*u - 48 = 3*g. What are the prime factors of u?
11
What are the prime factors of 844/(-10)*40/(-16)?
211
Suppose 681 = 11*u - 771. What are the prime factors of u?
2, 3, 11
Let p = 1 - 4. Let l = -1 - 3. What are the prime factors of -1*l*(-6)/p?
2
Let j(p) = p**2 + 5*p - 15. List the prime factors of j(8).
89
Let u(j) = -j**3 + 16*j**2 - 2*j + 3. Let i be u(16). Let t = i - -37. List the prime factors of t.
2
Suppose 0 = 5*h - 2*x + 20, 3*x - 8*x - 16 = 4*h. Let m be (-1 + 7)*20/5. What are the prime factors of (m/(-10))/(h/20)?
2, 3
Suppose 0 = -5*z + g - 2*g + 295, 0 = 3*z - 5*g - 177. Suppose 4*x - 2*u - 27 = z, -2*x + 23 = -5*u. Let t = x - 10. List the prime factors of t.
2, 7
Suppose 0 = -0*p + 4*p - 180. What are the prime factors of ((-4)/6)/((-3)/p)?
2, 5
Suppose 1341 = 12*a - 207. List the prime factors of a.
3, 43
Suppose -2*d = 6 + 2, 4 = n + 2*d. Let f = 27 - n. What are the prime factors of f?
3, 5
Suppose -3*o - 6 = -3. List the prime factors of o/(-1) - (4 - 12).
3
Let d(j) = -j**3 + 8*j**2 - 9*j + 14. Let i be d(7). Suppose k = 4*k + 5*a - 54, i = 5*k + 5*a - 80. List the prime factors of k.
13
Let d(v) = -5*v**2 + 7*v**2 - 5*v**3 - 5*v**3 + 2 + 3*v. List the prime factors of d(-1).
11
Let m(p) = -p**2 + 11*p - 4. List the prime factors of m(7).
2, 3
Let l(k) = k**2 - 6*k - 11. Let y be l(8). Suppose 0 = -a + p + 5, y*a - 3*a - 10 = 5*p. What are the prime factors of a?
5
Suppose 11*i = 6*i + 20. Suppose 3*k + 2*h = 4*k - 23, i*h = -4*k + 104. List the prime factors of k.
5
Suppose h = 5*h + v - 175, 0 = -2*h + 2*v + 80. What are the prime factors of h?
43
Let n = 23 - 17. Let c(w) = 5*w**2 + 0*w**3 + 5*w + 5*w - 7 - w**3. What are the prime factors of c(n)?
17
Let j(f) = f**2 - 10*f - 1. List the prime factors of j(11).
2, 5
Suppose 7*w - 3*w = 0. Suppose -5*o + x + 4*x + 50 = w, -6 = o + 3*x. What are the prime factors of o?
2, 3
List the prime factors of (5 - (-2 - -3))/(4/240).
2, 3, 5
Suppose -17 = 6*r + 19. What are the prime factors of 50 + 1 - r/(-3)?
7
Let r = 2 - 1. Let k = 9 + r. Suppose -x = 1 - k. What are the prime factors of x?
3
Suppose 93 = 20*l - 19*l. List the prime factors of l.
3, 31
Let y(j) = j**2 + 13*j + 23. List the prime factors of y(-12).
11
Suppose 234 - 90 = 3*z. What are the prime factors of z?
2, 3
Suppose -13 = -b - 3. Suppose b*q = 5*q + 30. List the prime factors of q.
2, 3
Let d = 119 - 55. List the prime factors of d.
2
Suppose -5*l - 5*k = 80, 3*l + 3*k - 5*k + 48 = 0. Suppose i + 9 = 4*i, -5*p = 4*i + 23. Let c = p - l. List the prime factors of c.
3
Let o(t) = t**3 + t**2 - 2*t + 1. List the prime factors of o(4).
73
Suppose -3*a = -6, -12 - 44 = -2*s - 3*a. List the prime factors of s.
5
Suppose 0*y = y - 4. List the prime factors of (-2*1)/((-2)/y).
2
Let q be 60/14 + (-12)/42. Suppose -q = t - 3*t. Suppose 2*p + 2*c = -2*c + 14, -t*c = 2. What are the prime factors of p?
3
Let l(d) = -2*d**3 - 2*d**2 + d - 2. Let f = -7 + 5. Let p be l(f). Suppose -2*h - 3*j = j - 32, h = 2*j + p. List the prime factors of h.
2, 5
Let t(s) = -26*s + 36. Let g(u) = 5*u - 7. Let z(r) = 16*g(r) + 3*t(r). List the prime factors of z(10).
2
Suppose -2*q = 4*g - 6, -2*q - 2 = -3*g - 8. Suppose 2*k + 2*c + 6 = q*k, -2*c - 10 = -2*k. Suppose -6 - k = -p. What are the prime factors of p?
2, 5
Let q = -1 + 0. Let o = 7 + q. List the prime factors of o.
2, 3
Let y be -2*((-124)/8 + 0). Suppose 7*c - 3*c - 4 = 0, 5*v + 3*c = 103. Let a = y - v. List the prime factors of a.
11
Let a be (-29)/(-9) + (-4)/18. Let i = a - -1. Suppose 0 = l - 2*l + i. What are the prime factors of l?
2
Suppose -16 = 4*p - x - 0*x, -5*x + 23 = -